be f(-2). Let k = 44 - j. What is the remainder when 47 is divided by k?
23
Suppose -9*m = -60 - 624. Calculate the remainder when m is divided by 13.
11
Let w = 33 - -37. Let g(f) = -f**2 + 9*f + 4. Calculate the remainder when w is divided by g(7).
16
Let v = -67 + 76. What is the remainder when 35 is divided by v?
8
Let h(o) = -2*o**3 - 2*o**2 + 2*o + 5. What is the remainder when 58 is divided by h(-2)?
4
Suppose -r + 6*r - 10 = 0. Let k(s) = -6*s**3 - s**2 + 3*s**3 + 4*s**3. What is the remainder when 10 is divided by k(r)?
2
Suppose -8*l - 4 = -10*l. What is the remainder when 10 is divided by l?
0
Let w(s) = 2*s + 7. Let o be w(-5). Suppose -6 = -2*g - 0. What is the remainder when 4*((-72)/g)/o is divided by 17?
15
Let a(m) = m - 6. Let l be a(6). Suppose 0 = -7*q + 52 + 81. What is the remainder when q is divided by -8*((-5)/4 + l)?
9
Let h = 83 + -23. Suppose 4*b + 3*o - h = 0, -5*o = 3*b - b - 44. Calculate the remainder when 23 is divided by b.
11
Let i = -34 - -51. What is the remainder when 31 is divided by i?
14
Let m = -3 - -6. Suppose -8 = -0*h - 4*h. What is the remainder when m is divided by h?
1
What is the remainder when (14/(-3))/(1/(-9)) is divided by 11?
9
Let j(h) = h + 16. Let t = 0 - 1. Let k = t + 1. What is the remainder when j(k) is divided by 6?
4
Suppose 5*a + 3*y = 178, 2*y = 2*a + y - 80. Calculate the remainder when a is divided by 10.
8
Let b(w) = -w**3 + 13*w**2 + 20*w - 22. What is the remainder when b(14) is divided by 18?
8
Suppose 4*k - 4 = 4*v, 2*v + 0*k = -4*k + 22. Suppose 3*q - 7 = 4*x, -12 - 3 = -v*q. Calculate the remainder when x is divided by 1.
0
Suppose 0*b - 251 = -4*b - 5*p, 197 = 3*b - 5*p. Calculate the remainder when b is divided by 11.
9
Suppose 0 = -r - 2, 12 = 4*o + 4*r - 184. Let y = -20 + 33. Calculate the remainder when o is divided by y.
12
Let s = 50 + -30. Suppose 5*x = 3*c + 29, 2*x - 4*c - 2 - 4 = 0. What is the remainder when s is divided by x?
6
Let q = -138 + 192. What is the remainder when q is divided by 8?
6
Let x = 13 + 2. Let s = 2 + -4. Calculate the remainder when s/(-6) - 83/(-3) is divided by x.
13
Let k(t) = 6*t + 25. Calculate the remainder when k(6) is divided by 22.
17
Let t(c) = -c**3 + 7*c**2 - 3*c + 1. Let v = -26 - -37. Calculate the remainder when t(6) is divided by v.
8
Suppose k + 0 = -4*b + 2, -k = -3*b - 16. What is the remainder when 22 is divided by k?
2
Let f = 16 - 11. Suppose f*x - 31 = 84. What is the remainder when x is divided by 8?
7
Let i be -2 + (1 + -2 - -91). Let m(u) = -7*u + 5. Let q be m(8). Let f = q + i. What is the remainder when f is divided by 13?
11
Suppose 0 = y - 5*o + 7, y - 2*o + 9 = o. Let k = y + 17. Suppose k*n = 104 + 6. Calculate the remainder when 65 is divided by n.
21
Suppose 166 = -4*f + 5*i, -2 = -i - 4. Calculate the remainder when ((-6)/4)/3*f is divided by 6.
4
Let q = -7 - -16. Let o be (-212)/(-18) - 14/(-63). Let k = o + 14. What is the remainder when k is divided by q?
8
Let i = 1 + 2. Suppose 0 = i*r + r - 20. Calculate the remainder when r is divided by 2.
1
Let r(m) = -m**3 + 10*m**2 - 9*m + 6. What is the remainder when 21 is divided by r(9)?
3
Calculate the remainder when (0 + 6)/(-4*(-3)/80) is divided by 14.
12
Suppose 25 = 5*c - 35. What is the remainder when 45 is divided by c?
9
Let y(t) = 3*t**3 - 4*t**2 + 3*t - 7. Calculate the remainder when y(3) is divided by 27.
20
Let h(d) = 28*d**2 - 3*d - 3. What is the remainder when 53 is divided by h(-1)?
25
Let w = -18 - -49. Let n = w - 24. Calculate the remainder when 27 is divided by n.
6
Suppose -a - 2*a = -171. Let m = a - 35. Calculate the remainder when 42 is divided by m.
20
Let z(u) be the first derivative of 7*u + 1/4*u**4 + 5*u**2 - 2 - 3*u**3. What is the remainder when 45 is divided by z(8)?
22
What is the remainder when 20 is divided by 14/(3 + 1 + (3 - 5))?
6
Suppose 2*d - 8 = -d - 4*v, 0 = 5*d - 3*v + 35. Let q(y) = y**3 + 6*y**2 + 5*y - 4. Calculate the remainder when 22 is divided by q(d).
6
Suppose 0 = -2*a - 2*z - 2*z + 14, 3*z = 4*a - 28. Suppose 0 = -2*r + 6*r - 48. Calculate the remainder when r is divided by a.
5
Let k = -38 + 63. Calculate the remainder when k is divided by (-45)/(-3) - 0 - 5/5.
11
Suppose 0 = -4*w - 0*w + 116. What is the remainder when w is divided by 15?
14
Suppose c - 5*p = 37, 4*c - 2*c = 5*p + 84. What is the remainder when 93 is divided by c?
46
Suppose 0 = -2*v + 71 + 49. Calculate the remainder when v is divided by 13.
8
Suppose 315 + 200 = -5*o. Suppose -102 = 2*t - 2*j - 0*j, 4*t + 3*j = -225. Let s = t - o. Calculate the remainder when s is divided by 17.
15
Let b(d) be the second derivative of -d**5/20 + 7*d**4/12 + 11*d**3/6 - d**2 + d. What is the remainder when b(8) is divided by 13?
9
Let o(n) = -n - 31. Let b = 9 - 6. Calculate the remainder when b is divided by o(-33).
1
Suppose 6*x - 12 = 4*c + x, -x = 5*c - 14. Calculate the remainder when 9 is divided by c.
1
Suppose -13*q + 56 + 113 = 0. Let s = -49 + 99. What is the remainder when s is divided by q?
11
Let t(q) = -15*q**2 + 136*q - 6. Suppose u + 10 = -2*w + 4*w, -2 = 2*w + 5*u. What is the remainder when w is divided by t(9)?
1
Let x(o) = 6*o + 5. Suppose 5*q = -f + 18, 2*f = -2*q + 5*q + 10. Calculate the remainder when x(4) is divided by f.
5
Suppose 3*r = 124 + 134. What is the remainder when r is divided by 24?
14
Let o(f) = f**2 - 1. Calculate the remainder when (29/(-2) + 0)/((-2)/4) is divided by o(-3).
5
Suppose 0 = -5*r - 1 + 11. Suppose 5*s = -m - 197, -2*m + r*s + 3*s - 334 = 0. What is the remainder when 58 is divided by m/(-9) - (-1)/3?
18
Suppose z + 4*c - 27 + 6 = 0, -z + 3 = -5*c. Calculate the remainder when z is divided by 5.
3
Suppose 1 = 2*x - j + 2*j, 3 = -4*x - 3*j. Calculate the remainder when 12 is divided by x.
0
Let x(i) = -i + 14. What is the remainder when 8 is divided by x(11)?
2
What is the remainder when 28 is divided by 40/70 + ((-114)/(-7))/3?
4
Let w = -8 - -5. Let g = -35 - -55. Let k = w + g. Calculate the remainder when k is divided by 9.
8
Let u(p) = 14*p**2 - 3*p + 2. What is the remainder when 51 is divided by u(1)?
12
Let l = 25 - 17. Calculate the remainder when 30 is divided by l.
6
Let a be (-2)/((-14)/10 + 1). Suppose 2*c + 2*i = 22, -4*c + 2*i = -3*c - a. Calculate the remainder when c is divided by 5.
4
Suppose 3*o - 48 + 15 = 0. Suppose 5 = -2*d + 5*a, -d + 5*d - o = 3*a. Calculate the remainder when 8 is divided by d.
3
Suppose 5 = -5*v + 30. Suppose 0*r = -5*z + v*r + 150, 0 = -5*z + 3*r + 140. Let i = z - 12. What is the remainder when 50 is divided by i?
11
Suppose 3*q - 65 - 52 = 0. Calculate the remainder when q is divided by 14.
11
Let a(s) = -7*s - 2. Let i be a(-2). Let n = i + 8. What is the remainder when 38 is divided by n?
18
Let x = 2 + 0. Suppose 3*z - 16 + 5 = -x*i, 2*z + 56 = 5*i. Suppose -4*m + 5 + 111 = 0. What is the remainder when m is divided by i?
9
Let r = -204 - -254. What is the remainder when r is divided by 1/(-3) + 40/3?
11
Calculate the remainder when 11 is divided by (-114)/(-27) - 14/63.
3
Let b(d) = 2*d**2 + d - 3. Suppose 9 = -0*w - 3*w. What is the remainder when 4/(-10) - (-172)/5 is divided by b(w)?
10
Let i(c) = -2*c + 6. Suppose a = -2*u + 4*u - 19, -u = 4*a - 14. Calculate the remainder when i(-6) is divided by u.
8
Suppose -x = 1 - 12. Calculate the remainder when 31 is divided by x.
9
Suppose -4*c - 12 = -0. Let s = 23 - c. What is the remainder when s is divided by 15?
11
Suppose 3*q - 49 - 56 = 0. What is the remainder when q is divided by 13?
9
Suppose c - 2*c + 2*r + 11 = 0, c - 26 = 5*r. Let j(h) = 4*h + 1. Calculate the remainder when 14 is divided by j(c).
4
Let q(s) = -s**2 - 6*s + 3. Suppose -c = o + 5, -17 = 4*c - 2*o + 3*o. Calculate the remainder when 31 is divided by q(c).
9
Suppose 0 = -v - v + 28. Let z = 32 - 27. What is the remainder when v is divided by z?
4
Let z = 27 + -14. Calculate the remainder when z is divided by (-1 + 13)*(-5)/(105/(-14)).
5
Let n be 10/(-15) - 4/(-6). Suppose n*l + 3*l = -69. Let h = l + 39. Calculate the remainder when h is divided by 6.
4
Suppose 0 = -6*p + 8 + 40. Calculate the remainder when p is divided by 4.
0
Let d(u) = -3*u - 2. Calculate the remainder when 47 + (-2)/(-1) + -3 is divided by d(-6)